cond derivative of 1/20*o**5 + 9*o**2 + 1/3*o**4 + 1/2*o**3 + 0 - 20*o. Let m be d(-4). Determine l(m).
2
Let m(a) = -11*a - 12*a + 220 + 291 - 857 + 289. Give m(-3).
12
Let a = 372 + -520. Let n = a - -155. Let y(t) = 2*t - 5. What is y(n)?
9
Let x(k) be the second derivative of 1/6*k**4 - k**2 + 48*k + 1/6*k**3 + 0. Determine x(1).
1
Let n(b) = 2*b + 14. Let s(a) = -3*a**3 + 14*a**2 - 7*a + 16. Let v be s(6). Let y = v + 165. Calculate n(y).
4
Let p(x) = 25*x**2 + 48*x + 4*x**2 + 3 + 13*x**2 - 33*x**2. What is p(-5)?
-12
Let f be -9 + 116*2/8. Suppose 4*k + f = 2*m, -97*m + 92*m + 2*k = -18. Let b(v) = -2*v**2 - 2*v + 2. Calculate b(m).
-10
Let u be (1/(-2))/(7/70). Let q be 0 - (u + 2)*1. Let y(z) = q*z - 91 + 51 + 42 + 4*z**2 - 2*z**2 - z**3. What is y(3)?
2
Let b(p) be the first derivative of 9*p**2 - 27*p + 3141. Calculate b(1).
-9
Let k(m) = -m**3 + 3*m**2 - 3*m + 3. Let d(g) = g**2 + 8*g + 10. Let t(i) = -5*i**2 - 2. Let u be t(1). Let b be d(u). Calculate k(b).
-6
Let o(u) = u**3 - 19*u**2 - 11*u + 34. Let b be o(20). Suppose 3*g - 241 = -b. Let w(a) = -a + 13. What is w(g)?
4
Suppose 4*x - 5*t = 101, -11*x + 3*t = -12*x + 4. Suppose -7*c + 4*c + 5*y = x, c - 3*y = -13. Let l(a) = -6*a + 1. Calculate l(c).
-11
Let g(t) = -t**2 + t. Let u(j) = -14*j**3 + j**2 - 2*j + 1. Let b(r) = -g(r) - u(r). Suppose -9*w - 500 = -509. Give b(w).
14
Let u(m) = 4 - m + 8 + 15 - 5*m - 8. Determine u(5).
-11
Let t be 1/(676/135 - 5). Let h = t - 132. Let u(a) be the third derivative of a**6/120 - a**5/30 - a**4/12 + a**3/6 + a**2. Determine u(h).
4
Let f(v) be the second derivative of v**4/12 + v**3 - v**2/2 - 130*v - 2. Let g(a) = -4*a. Let j be g(2). Give f(j).
15
Let x(o) be the third derivative of o**5/60 + o**4/24 - 4*o**3 - 137*o**2 - 3. Calculate x(-6).
6
Let b(n) be the third derivative of -n**3 + 0*n + 0 - 1/40*n**5 - 1/6*n**4 + 33*n**2. Let l(g) be the first derivative of b(g). Give l(-7).
17
Let o(z) be the second derivative of z - 39/2*z**2 + 1/20*z**5 + 11/6*z**4 - 3 + 19/3*z**3. Let t be o(-20). Let c(u) = 5*u**3 + 2*u - 1. What is c(t)?
6
Suppose 17*m - 345 = -6*m. Let j(r) = r**3 - 16*r**2 + 14*r - 9. What is j(m)?
-24
Let x = -65 + 70. Suppose 2*d - 4*v = -2*d + 56, 0 = x*d + 2*v - 42. Let f(y) = d - y**2 - 6 - 5*y + y**2 - 2*y**2. Give f(-4).
-8
Let m(h) be the third derivative of h**5/60 + h**4/8 + 2*h**3/3 - 1982*h**2. What is m(-4)?
8
Suppose 17 = 3*b + 4*m, -94*m + 19 = 5*b - 92*m. Let v(y) = 10*y**3 + 3*y**2 - 3 - 19*y**3 + 8*y**3. Give v(b).
-3
Suppose -z - 3*o - 9 = 0, 7 = -4*z - 2*o - 19. Let j(s) = -s**3 - 7*s**2 - 9*s - 1. What is j(z)?
17
Let w be 2/(-7) - 32/(-14). Let z = 2805 - 2801. Let g(k) = -k**3 + 876*k**2 + 3*k - 2 - z*k - 877*k**w. Determine g(-2).
4
Let h(y) = y**3 - 4*y**2 + 2*y - 1. Let g be 1/(5*4/80). Suppose -b + 4 = 11*s - 8*s, -g*b + 16 = -2*s. Give h(b).
7
Let s(x) = 943 + 793 + 69*x + x**3 - 14*x - 1632 - 58*x**2. Determine s(57).
-10
Let i be (-12)/6*((-140)/8)/7. Suppose -i*x - 9 = -14. Let f(d) = d + 2. Give f(x).
3
Let b be 7/21*-33 - -15. Let f(p) = p**3 - 5*p**2 - 4. What is f(b)?
-20
Let d(g) = 18*g**2 + 2*g - 1. Let v(c) = -96*c**3 - 2*c + 4. Let k be v(-2). Suppose k*s = 782*s - 6. What is d(s)?
19
Suppose -527*r + 324 = -545*r. Let u(l) = l**2 + 11*l - 120. Determine u(r).
6
Let r(q) be the first derivative of 2/3*q**3 - q + q**2 + 1/4*q**4 + 82. Give r(0).
-1
Suppose 443*u - 438*u + 13 = 2*y, 4*u = -4*y - 100. Let s(k) = 7*k + 35. Let a(l) = 4*l + 18. Let g(b) = -5*a(b) + 3*s(b). Determine g(y).
-1
Let y(p) = 0 + 0*p**2 - 1 + 7*p - p**2 - 7. Let z = 4150 + -4144. Calculate y(z).
-2
Let r(x) be the third derivative of x**6/60 - 143*x**5/60 + 211*x**4/24 - 25*x**3/2 + 255*x**2 + 2*x - 3. What is r(70)?
-5
Suppose 0 = -5*q - 4*h - 12, h - 6 = 4*q + 6*h. Let o(t) = -5*t - 3. Let n(y) = -6*y - 3. Let v(s) = 4*n(s) - 5*o(s). Give v(q).
-1
Let y be (-36*4/80)/((-12)/(-80)). Let d(o) = 6*o + 44. Calculate d(y).
-28
Suppose -36*w - 30 - 41 = 1. Let c(x) = -5*x**3 - 3*x**2 + 4. Calculate c(w).
32
Let v(q) = -q**2 - 20*q + 61. Let i be v(4). Let x = i + 32. Let k(p) be the first derivative of -2*p**3/3 - 2*p**2 + 1. What is k(x)?
-6
Let n(v) = v - 12. Let x = -420 - -424. Suppose 10*s = 7*s - x*h + 15, 4*s = 3*h + 45. Give n(s).
-3
Let d(r) = r**3 + 8*r**2 + 7*r + 3. Let p = -29 + 5. Let i be ((-36)/p)/(11/(-6) + 2). Let t(q) = -q**3 + 9*q**2 - 2*q + 11. Let m be t(i). Calculate d(m).
3
Let u(s) = 7*s**2 + 7*s - 33. Let a(y) = -11*y**2 - 10*y + 50. Let p(o) = 5*a(o) + 8*u(o). Let w be p(-8). Let l(h) = -h**3 - h**2 + h + 1. What is l(w)?
-9
Let w(p) = -2*p + 2. Suppose 7*z = 5*q + 3*z - 30, -8 = q + 2*z. Let x be (-3)/6*-15*q. Let h be (-1)/(x/(-4) - -4). What is w(h)?
10
Suppose -10*k - 28 + 8 = 0. Let b(y) = 9*y - 23. Let v(w) = -w + 6. Let o(i) = -b(i) - 4*v(i). Calculate o(k).
9
Let i(z) be the first derivative of z**2/2 + 57*z + 3732. Give i(12).
69
Let k(r) = -r**2 - 26*r + 12. Let t be k(-26). Suppose -t = 27*n - 23*n. Let z(d) = d**2 - 2*d - 3. Calculate z(n).
12
Let c(z) = -13*z**2 + 1 + z - 2*z - 14 - 2*z**3 + 3 + 10*z**2. Calculate c(-3).
20
Let b be (248/6)/(6/9). Let h = 60 - b. Let v(k) = -k + 6. Let t be v(h). Let c(d) = -d**2 + 6*d + 6. Calculate c(t).
-10
Let s(z) = -z**2 - 2*z - 1. Let y be 168/(-35)*(-10)/(-1). Suppose 2*x - 49 = 37. Let n = x + y. Determine s(n).
-16
Let d(r) = 2*r + 0 - 2 + r. Let l be 215975/(-159) + (-2)/3. Let o = l - -1365. Determine d(o).
16
Let j(x) = 2*x + 3*x**3 + 7*x**3 + 2*x**3 - 2 - 4*x**3 - 31*x**3. Give j(1).
-23
Let j(y) = -y**2 - 2*y - 1. Let p be j(-1). Let a(v) = p*v**3 + 9*v**2 - 19 - 8*v + 17 - 2*v + v**3. What is a(-10)?
-2
Let s(r) be the third derivative of r**5/120 - 23*r**4/24 + 46*r**3 + 3*r**2 - 105. Let q(f) be the first derivative of s(f). Calculate q(13).
-10
Let v(q) = 15*q - 4. Let f = 4600 + -4599. Determine v(f).
11
Suppose 2*a = i - 9124, 36486 = 9*i - 5*i + 2*a. Let x(t) = -10 - 6*t - 8*t**2 + i*t**3 + 14*t - 9123*t**3. Determine x(-9).
-1
Let f(u) = -3*u**2 - 46*u + 13. Let v be f(-17). Let s = v - -61. Let l(i) = i + 17. Calculate l(s).
6
Let g = -196 + 201. Suppose 0 = -2*a - 2*y - 4, g*a = a - 2*y + 2. Let k(z) = 7 - 2 - 6 - z. Calculate k(a).
-4
Let y(b) = -b**3 + 7*b**2 - 7*b + 9. Let l be y(6). Let s = -8 + l. Let h(r) = -6*r**3 + 6*r**2 + 129 + 6*r + 6*r**3 - 128 + r**3. Determine h(s).
-4
Suppose -131*k - 310*k = -4410. Let j(o) = -o**3 + 11*o**2 - 11*o - 19. Calculate j(k).
-29
Let g(w) be the third derivative of w**5/12 + 29*w**4/24 - 20*w**3/3 + w**2 + 11. Let u(x) = -3*x**2 - 15*x + 21. Let z(v) = -4*g(v) - 7*u(v). Give z(10).
3
Let k(d) = -1 + 3 - 3 + 6*d + 4. Let z(m) = 6*m + 2. Let a(w) = 2*k(w) - 3*z(w). Calculate a(-1).
6
Let p(l) = -l**2 + 12*l + 189. Let g be p(21). Let u(m) = 9*m - 4 - 7*m + g. Give u(-2).
-8
Let m = -10 - -21. Let d(a) = m*a + 5*a - 2 + a**2 - 24*a + 7*a. Let c(i) = -i + 15. Let f be c(13). What is d(f)?
0
Suppose 3*a + 117 = -75*m + 70*m, -2*m - a = 46. Let j(y) = 14*y + 298. Calculate j(m).
4
Let v(z) be the second derivative of z**3/6 - 23*z**2/2 + 800*z. Give v(8).
-15
Let r(c) = c - 2. Let f(l) = -19. Let b(h) = 3. Let g(u) = 6*b(u) + f(u). Let z(p) = -3*g(p) + r(p). What is z(10)?
11
Let z = 73 + -74. Let f = 1 - z. Suppose -f*u - 12 = -3*g, -3*u + g = 3*g + 31. Let v(w) = w**2 + 8*w. Calculate v(u).
9
Suppose 5*q + 19 + 31 = 3*l, -q = -3*l + 10. Let j be (1 - q/5) + -5. Let a(v) = -2*v**2 + 2 + v + 3*v + 1. Determine a(j).
-13
Let m(o) = -341 + 57*o - 147*o + 34*o + 51*o + 48*o. Determine m(8).
3
Let a(k) = 4*k + 42. Suppose f = 4*f - h + 30, -2*h - 28 = 2*f. Let w be a(f). Let o(i) = 4*i**2 + 2*i - 2. Determine o(w).
10
Suppose 15*c + 6*c = 17*c + 4. Let a(u) = -15*u + 18. Determine a(c).
3
Suppose 0 = 4*o + 16, -o - 1 = -s - 2*o. Let c(m) = -3*m**2 + m**3 - 83*m + 85*m + 0 + 4. Let y(q) = -q**2 + q - 3. Let w(d) = -c(d) - 3*y(d). Determine w(s).
5
Let j(o) = -o + 3. Let t(v) = -7*v - 13*v + 70 + 25*v. Let h be t(-14). What is j(h)?
3
Let t(p) be the second derivative of p**3/2 + 5*p**2 + p + 239. Determine t(-6).
-8
Let n = -51 + 46. Let g(q) = -3 + 0*q**2 + q**2 + 5 + 0*q - 4*q. Determine g(n).
47
Let o be (5/(-20))/((-3)/84). Suppose 3*l + 12 = 3*z, -2*l + o = 4*z - z. Suppose -z